{"id":935,"date":"2024-06-25T14:58:20","date_gmt":"2024-06-25T12:58:20","guid":{"rendered":"https:\/\/www.bw-uelzen.de\/?page_id=935"},"modified":"2024-08-05T22:40:30","modified_gmt":"2024-08-05T20:40:30","slug":"100jahr-jubilaeum","status":"publish","type":"page","link":"https:\/\/www.bw-uelzen.de\/?page_id=935","title":{"rendered":"100 Jahre Jubil\u00e4um"},"content":{"rendered":"\n<div class=\"wp-block-group\"><div class=\"wp-block-group__inner-container is-layout-constrained wp-block-group-is-layout-constrained\"><div class=\"wp-block-image\">\n<figure class=\"aligncenter size-large is-resized\"><img decoding=\"async\" src=\"https:\/\/www.bw-uelzen.de\/wp-content\/uploads\/2024\/06\/100-Jahre-Logo-968x1024.png\" alt=\"\" class=\"wp-image-942\" style=\"width:219px;height:auto\"\/><\/figure><\/div>\n\n\n<h2 class=\"wp-block-heading\">Ein Jubil\u00e4umswochenende zum Feiern!<\/h2>\n\n\n\n<p>Liebe Mitglieder, Freunde und Unterst\u00fctzer des TC Blau-Wei\u00df Uelzen,<\/p>\n\n\n\n<p>unser Jubil\u00e4umswochenende am <strong>7. und 8. September 2024<\/strong> r\u00fcckt immer n\u00e4her! Wir freuen uns riesig darauf, gemeinsam mit euch unser 100-j\u00e4hriges Bestehen zu feiern.<\/p>\n\n\n\n<p>Neben den sportlichen Highlights wie dem Fr\u00e4nkiCup\u00ae (&#8222;Schleifchenturnier&#8220;), Pickle Ball und spannenden Show-Tennis-Matches wird es auch zahlreiche Aktivit\u00e4ten f\u00fcr Kinder und Jugendliche geben, inklusive H\u00fcpfburg und Kinderschminken. Die Blau-Wei\u00dfe Nacht und der offizielle Festakt mit <a href=\"https:\/\/www.bw-uelzen.de\/wp-content\/uploads\/2024\/08\/Menue-Plan-3.png\" data-type=\"attachment\" data-id=\"1142\">Buffet<\/a> versprechen besondere Momente mit Ansprachen und einem festlichen Rahmenprogramm (<a href=\"https:\/\/www.bw-uelzen.de\/?page_id=1121\" data-type=\"page\" data-id=\"1121\">Programm<\/a>).<\/p>\n\n\n\n<p>F\u00fcr sportliche Abwechslung abseits des Courts sorgen Zumba und Jumping mit dem Joy-Fitness-Studio. Mit Unterst\u00fctzung des TNB-Inklusionsbusses m\u00f6chten wir zeigen, dass bei uns wirklich jeder mitmachen kann.<\/p>\n\n\n\n<p>Das Wochenende \u00fcber werden bei kulinarischen Highlights keine W\u00fcnsche offen gelassen.<\/p>\n\n\n\n<p>Ein <strong>riesiges Dankesch\u00f6n<\/strong> <strong>an unsere Sponsoren<\/strong>, die uns so tatkr\u00e4ftig unterst\u00fctzen. Ohne ihre Hilfe w\u00e4re dieses Event nicht m\u00f6glich.<\/p>\n\n\n\n<p>Bleibt dran f\u00fcr weitere Updates und Details, die ihr ab sofort unter dem neuen Men\u00fcpunkt &#8222;100 Jahre TC Blau-Wei\u00df&#8220; und den <strong>jeweiligen Untermen\u00fcs<\/strong> auf unserer Homepage findet. Wir z\u00e4hlen auf euch und freuen uns auf ein unvergessliches Wochenende!<\/p>\n\n\n\n<p>Mit sportlichen Gr\u00fc\u00dfen,<\/p>\n\n\n\n<p>Euer Vorstand des TC Blau-Wei\u00df Uelzen<\/p>\n\n\n\n<p class=\"has-text-align-left\">Schaut euch den Event-<a href=\"https:\/\/www.bw-uelzen.de\/wp-content\/uploads\/2024\/07\/Flyer-100-Jahrfeier.png\" data-type=\"attachment\" data-id=\"1039\" target=\"_blank\" rel=\"noreferrer noopener\">Flyer<\/a> an!<\/p>\n\n\n\n<hr class=\"wp-block-separator has-alpha-channel-opacity is-style-wide\"\/>\n\n\n\n<p><strong>Vielen Dank an unsere Sponsoren!<\/strong><\/p>\n<\/div><\/div>\n\n\n\n<div class=\"wp-block-group is-content-justification-center is-nowrap is-layout-flex wp-container-core-group-is-layout-3 wp-block-group-is-layout-flex\">\n<div class=\"wp-block-group is-content-justification-center is-nowrap is-layout-flex wp-container-core-group-is-layout-2 wp-block-group-is-layout-flex\">\n<figure class=\"wp-block-image size-large is-resized is-style-default\"><img decoding=\"async\" src=\"https:\/\/www.bw-uelzen.de\/wp-content\/uploads\/2024\/07\/Mycitylogo2021-edited-1.jpg\" alt=\"\" class=\"wp-image-998\" style=\"width:389px;height:auto\"\/><\/figure>\n\n\n\n<figure class=\"wp-block-image size-large is-resized\"><img decoding=\"async\" src=\"https:\/\/www.bw-uelzen.de\/wp-content\/uploads\/2024\/07\/logo_LGRain-Bewaesserungstechnik-edited-1-1024x578.jpg\" alt=\"\" class=\"wp-image-996\" style=\"width:372px;height:auto\"\/><\/figure>\n<\/div>\n<\/div>\n\n\n\n<hr class=\"wp-block-separator has-alpha-channel-opacity\"\/>\n\n\n\n<div class=\"wp-block-group is-nowrap is-layout-flex wp-container-core-group-is-layout-5 wp-block-group-is-layout-flex\">\n<div class=\"wp-block-group is-nowrap is-layout-flex wp-container-core-group-is-layout-4 wp-block-group-is-layout-flex\">\n<div class=\"wp-block-columns is-layout-flex wp-container-core-columns-is-layout-1 wp-block-columns-is-layout-flex\">\n<div class=\"wp-block-column is-vertically-aligned-top is-layout-flow wp-block-column-is-layout-flow\"><div class=\"wp-block-image\">\n<figure class=\"aligncenter size-large is-resized\"><img fetchpriority=\"high\" decoding=\"async\" width=\"1024\" height=\"215\" src=\"https:\/\/www.bw-uelzen.de\/wp-content\/uploads\/2024\/07\/Sparkassen-Logo-4-1024x215.png\" alt=\"\" class=\"wp-image-1035\" style=\"width:400px;height:auto\" srcset=\"https:\/\/www.bw-uelzen.de\/wp-content\/uploads\/2024\/07\/Sparkassen-Logo-4-1024x215.png 1024w, https:\/\/www.bw-uelzen.de\/wp-content\/uploads\/2024\/07\/Sparkassen-Logo-4-300x63.png 300w, https:\/\/www.bw-uelzen.de\/wp-content\/uploads\/2024\/07\/Sparkassen-Logo-4-768x161.png 768w, https:\/\/www.bw-uelzen.de\/wp-content\/uploads\/2024\/07\/Sparkassen-Logo-4-1536x323.png 1536w, https:\/\/www.bw-uelzen.de\/wp-content\/uploads\/2024\/07\/Sparkassen-Logo-4-2048x431.png 2048w\" sizes=\"(max-width: 1024px) 100vw, 1024px\" \/><\/figure><\/div><\/div>\n\n\n\n<div class=\"wp-block-column is-layout-flow wp-block-column-is-layout-flow\"><div class=\"wp-block-image\">\n<figure class=\"alignright size-large is-resized\"><img decoding=\"async\" src=\"https:\/\/www.bw-uelzen.de\/wp-content\/uploads\/2024\/07\/logo_winkelmann_Pantone-pdf.io_-2-1024x200.png\" alt=\"\" class=\"wp-image-1036\" style=\"width:384px;height:auto\"\/><\/figure><\/div><\/div>\n<\/div>\n<\/div>\n<\/div>\n\n\n\n<hr class=\"wp-block-separator has-alpha-channel-opacity\"\/>\n\n\n\n<div class=\"wp-block-columns is-layout-flex wp-container-core-columns-is-layout-2 wp-block-columns-is-layout-flex\">\n<div class=\"wp-block-column is-vertically-aligned-center is-layout-flow wp-block-column-is-layout-flow\"><div class=\"wp-block-image\">\n<figure class=\"aligncenter size-full\"><img decoding=\"async\" width=\"296\" height=\"37\" src=\"https:\/\/www.bw-uelzen.de\/wp-content\/uploads\/2024\/07\/image001-2.png\" alt=\"\" class=\"wp-image-1006\"\/><\/figure><\/div><\/div>\n\n\n\n<div class=\"wp-block-column is-vertically-aligned-center is-layout-flow wp-block-column-is-layout-flow\">\n<figure class=\"wp-block-image size-full\"><img decoding=\"async\" src=\"https:\/\/www.bw-uelzen.de\/wp-content\/uploads\/2024\/07\/201125_Lappe_E3-2.jpg\" alt=\"\" class=\"wp-image-1007\"\/><\/figure>\n<\/div>\n\n\n\n<div class=\"wp-block-column is-vertically-aligned-center is-layout-flow wp-block-column-is-layout-flow\"><div class=\"wp-block-image\">\n<figure class=\"aligncenter size-large\"><img decoding=\"async\" width=\"1024\" height=\"180\" src=\"https:\/\/www.bw-uelzen.de\/wp-content\/uploads\/2024\/07\/VB-Logo-pdf.io_-1024x180.jpg\" alt=\"\" class=\"wp-image-1010\" srcset=\"https:\/\/www.bw-uelzen.de\/wp-content\/uploads\/2024\/07\/VB-Logo-pdf.io_-1024x180.jpg 1024w, https:\/\/www.bw-uelzen.de\/wp-content\/uploads\/2024\/07\/VB-Logo-pdf.io_-300x53.jpg 300w, https:\/\/www.bw-uelzen.de\/wp-content\/uploads\/2024\/07\/VB-Logo-pdf.io_-768x135.jpg 768w, https:\/\/www.bw-uelzen.de\/wp-content\/uploads\/2024\/07\/VB-Logo-pdf.io_.jpg 1192w\" sizes=\"(max-width: 1024px) 100vw, 1024px\" \/><\/figure><\/div><\/div>\n<\/div>\n","protected":false},"excerpt":{"rendered":"<p>Ein Jubil\u00e4umswochenende zum Feiern! Liebe Mitglieder, Freunde und Unterst\u00fctzer des TC Blau-Wei\u00df Uelzen, unser Jubil\u00e4umswochenende am 7. und 8. September 2024 r\u00fcckt immer n\u00e4her! Wir freuen uns riesig darauf, gemeinsam mit euch unser 100-j\u00e4hriges Bestehen zu feiern. Neben den sportlichen Highlights wie dem Fr\u00e4nkiCup\u00ae (&#8222;Schleifchenturnier&#8220;), Pickle Ball und spannenden Show-Tennis-Matches wird es auch zahlreiche Aktivit\u00e4ten f\u00fcr Kinder und Jugendliche geben,<\/p>\n","protected":false},"author":5,"featured_media":0,"parent":0,"menu_order":0,"comment_status":"closed","ping_status":"closed","template":"","meta":{"passster_activate_protection":false,"passster_protect_child_pages":"","passster_protection_type":"password","passster_password":"","passster_activate_overwrite_defaults":"","passster_headline":"","passster_instruction":"","passster_placeholder":"","passster_button":"","passster_id":"","passster_activate_misc_settings":"","passster_redirect_url":"","passster_hide":"no","passster_area_shortcode":"","_monsterinsights_skip_tracking":false,"_monsterinsights_sitenote_active":false,"_monsterinsights_sitenote_note":"","_monsterinsights_sitenote_category":0,"footnotes":""},"class_list":["post-935","page","type-page","status-publish","hentry"],"_links":{"self":[{"href":"https:\/\/www.bw-uelzen.de\/index.php?rest_route=\/wp\/v2\/pages\/935","targetHints":{"allow":["GET"]}}],"collection":[{"href":"https:\/\/www.bw-uelzen.de\/index.php?rest_route=\/wp\/v2\/pages"}],"about":[{"href":"https:\/\/www.bw-uelzen.de\/index.php?rest_route=\/wp\/v2\/types\/page"}],"author":[{"embeddable":true,"href":"https:\/\/www.bw-uelzen.de\/index.php?rest_route=\/wp\/v2\/users\/5"}],"replies":[{"embeddable":true,"href":"https:\/\/www.bw-uelzen.de\/index.php?rest_route=%2Fwp%2Fv2%2Fcomments&post=935"}],"version-history":[{"count":16,"href":"https:\/\/www.bw-uelzen.de\/index.php?rest_route=\/wp\/v2\/pages\/935\/revisions"}],"predecessor-version":[{"id":1178,"href":"https:\/\/www.bw-uelzen.de\/index.php?rest_route=\/wp\/v2\/pages\/935\/revisions\/1178"}],"wp:attachment":[{"href":"https:\/\/www.bw-uelzen.de\/index.php?rest_route=%2Fwp%2Fv2%2Fmedia&parent=935"}],"curies":[{"name":"wp","href":"https:\/\/api.w.org\/{rel}","templated":true}]}}

100 Jahre Jubiläum

<div class="wp-block-group"><div class="wp-block-group__inner-container is-layout-constrained wp-block-group-is-layout-constrained"><div class="wp-block-image">
<figure class="aligncenter size-large is-resized"><img decoding="async" src="https://www.bw-uelzen.de/wp-content/uploads/2024/06/100-Jahre-Logo-968x1024.png" alt="" class="wp-image-942" style="width:219px;height:auto"/></figure></div>


<h2 class="wp-block-heading">Ein Jubiläumswochenende zum Feiern!</h2>



<p>Liebe Mitglieder, Freunde und Unterstützer des TC Blau-Weiß Uelzen,</p>



<p>unser Jubiläumswochenende am <strong>7. und 8. September 2024</strong> rückt immer näher! Wir freuen uns riesig darauf, gemeinsam mit euch unser 100-jähriges Bestehen zu feiern.</p>



<p>Neben den sportlichen Highlights wie dem FränkiCup® (&#8222;Schleifchenturnier&#8220;), Pickle Ball und spannenden Show-Tennis-Matches wird es auch zahlreiche Aktivitäten für Kinder und Jugendliche geben, inklusive Hüpfburg und Kinderschminken. Die Blau-Weiße Nacht und der offizielle Festakt mit <a href="https://www.bw-uelzen.de/wp-content/uploads/2024/08/Menue-Plan-3.png" data-type="attachment" data-id="1142">Buffet</a> versprechen besondere Momente mit Ansprachen und einem festlichen Rahmenprogramm (<a href="https://www.bw-uelzen.de/?page_id=1121" data-type="page" data-id="1121">Programm</a>).</p>



<p>Für sportliche Abwechslung abseits des Courts sorgen Zumba und Jumping mit dem Joy-Fitness-Studio. Mit Unterstützung des TNB-Inklusionsbusses möchten wir zeigen, dass bei uns wirklich jeder mitmachen kann.</p>



<p>Das Wochenende über werden bei kulinarischen Highlights keine Wünsche offen gelassen.</p>



<p>Ein <strong>riesiges Dankeschön</strong> <strong>an unsere Sponsoren</strong>, die uns so tatkräftig unterstützen. Ohne ihre Hilfe wäre dieses Event nicht möglich.</p>



<p>Bleibt dran für weitere Updates und Details, die ihr ab sofort unter dem neuen Menüpunkt &#8222;100 Jahre TC Blau-Weiß&#8220; und den <strong>jeweiligen Untermenüs</strong> auf unserer Homepage findet. Wir zählen auf euch und freuen uns auf ein unvergessliches Wochenende!</p>



<p>Mit sportlichen Grüßen,</p>



<p>Euer Vorstand des TC Blau-Weiß Uelzen</p>



<p class="has-text-align-left">Schaut euch den Event-<a href="https://www.bw-uelzen.de/wp-content/uploads/2024/07/Flyer-100-Jahrfeier.png" data-type="attachment" data-id="1039" target="_blank" rel="noreferrer noopener">Flyer</a> an!</p>



<hr class="wp-block-separator has-alpha-channel-opacity is-style-wide"/>



<p><strong>Vielen Dank an unsere Sponsoren!</strong></p>
</div></div>



<div class="wp-block-group is-content-justification-center is-nowrap is-layout-flex wp-container-core-group-is-layout-3 wp-block-group-is-layout-flex">
<div class="wp-block-group is-content-justification-center is-nowrap is-layout-flex wp-container-core-group-is-layout-2 wp-block-group-is-layout-flex">
<figure class="wp-block-image size-large is-resized is-style-default"><img decoding="async" src="https://www.bw-uelzen.de/wp-content/uploads/2024/07/Mycitylogo2021-edited-1.jpg" alt="" class="wp-image-998" style="width:389px;height:auto"/></figure>



<figure class="wp-block-image size-large is-resized"><img decoding="async" src="https://www.bw-uelzen.de/wp-content/uploads/2024/07/logo_LGRain-Bewaesserungstechnik-edited-1-1024x578.jpg" alt="" class="wp-image-996" style="width:372px;height:auto"/></figure>
</div>
</div>



<hr class="wp-block-separator has-alpha-channel-opacity"/>



<div class="wp-block-group is-nowrap is-layout-flex wp-container-core-group-is-layout-5 wp-block-group-is-layout-flex">
<div class="wp-block-group is-nowrap is-layout-flex wp-container-core-group-is-layout-4 wp-block-group-is-layout-flex">
<div class="wp-block-columns is-layout-flex wp-container-core-columns-is-layout-1 wp-block-columns-is-layout-flex">
<div class="wp-block-column is-vertically-aligned-top is-layout-flow wp-block-column-is-layout-flow"><div class="wp-block-image">
<figure class="aligncenter size-large is-resized"><img fetchpriority="high" decoding="async" width="1024" height="215" src="https://www.bw-uelzen.de/wp-content/uploads/2024/07/Sparkassen-Logo-4-1024x215.png" alt="" class="wp-image-1035" style="width:400px;height:auto" srcset="https://www.bw-uelzen.de/wp-content/uploads/2024/07/Sparkassen-Logo-4-1024x215.png 1024w, https://www.bw-uelzen.de/wp-content/uploads/2024/07/Sparkassen-Logo-4-300x63.png 300w, https://www.bw-uelzen.de/wp-content/uploads/2024/07/Sparkassen-Logo-4-768x161.png 768w, https://www.bw-uelzen.de/wp-content/uploads/2024/07/Sparkassen-Logo-4-1536x323.png 1536w, https://www.bw-uelzen.de/wp-content/uploads/2024/07/Sparkassen-Logo-4-2048x431.png 2048w" sizes="(max-width: 1024px) 100vw, 1024px" /></figure></div></div>



<div class="wp-block-column is-layout-flow wp-block-column-is-layout-flow"><div class="wp-block-image">
<figure class="alignright size-large is-resized"><img decoding="async" src="https://www.bw-uelzen.de/wp-content/uploads/2024/07/logo_winkelmann_Pantone-pdf.io_-2-1024x200.png" alt="" class="wp-image-1036" style="width:384px;height:auto"/></figure></div></div>
</div>
</div>
</div>



<hr class="wp-block-separator has-alpha-channel-opacity"/>



<div class="wp-block-columns is-layout-flex wp-container-core-columns-is-layout-2 wp-block-columns-is-layout-flex">
<div class="wp-block-column is-vertically-aligned-center is-layout-flow wp-block-column-is-layout-flow"><div class="wp-block-image">
<figure class="aligncenter size-full"><img decoding="async" width="296" height="37" src="https://www.bw-uelzen.de/wp-content/uploads/2024/07/image001-2.png" alt="" class="wp-image-1006"/></figure></div></div>



<div class="wp-block-column is-vertically-aligned-center is-layout-flow wp-block-column-is-layout-flow">
<figure class="wp-block-image size-full"><img decoding="async" src="https://www.bw-uelzen.de/wp-content/uploads/2024/07/201125_Lappe_E3-2.jpg" alt="" class="wp-image-1007"/></figure>
</div>



<div class="wp-block-column is-vertically-aligned-center is-layout-flow wp-block-column-is-layout-flow"><div class="wp-block-image">
<figure class="aligncenter size-large"><img decoding="async" width="1024" height="180" src="https://www.bw-uelzen.de/wp-content/uploads/2024/07/VB-Logo-pdf.io_-1024x180.jpg" alt="" class="wp-image-1010" srcset="https://www.bw-uelzen.de/wp-content/uploads/2024/07/VB-Logo-pdf.io_-1024x180.jpg 1024w, https://www.bw-uelzen.de/wp-content/uploads/2024/07/VB-Logo-pdf.io_-300x53.jpg 300w, https://www.bw-uelzen.de/wp-content/uploads/2024/07/VB-Logo-pdf.io_-768x135.jpg 768w, https://www.bw-uelzen.de/wp-content/uploads/2024/07/VB-Logo-pdf.io_.jpg 1192w" sizes="(max-width: 1024px) 100vw, 1024px" /></figure></div></div>
</div>

<p>Ein Jubiläumswochenende zum Feiern! Liebe Mitglieder, Freunde und Unterstützer des TC Blau-Weiß Uelzen, unser Jubiläumswochenende am 7. und 8. September 2024 rückt immer näher! Wir freuen uns riesig darauf, gemeinsam mit euch unser 100-jähriges Bestehen zu feiern. Neben den sportlichen Highlights wie dem FränkiCup® (&#8222;Schleifchenturnier&#8220;), Pickle Ball und spannenden Show-Tennis-Matches wird es auch zahlreiche Aktivitäten für Kinder und Jugendliche geben,</p>
