{"id":46,"date":"2021-05-16T13:04:08","date_gmt":"2021-05-16T11:04:08","guid":{"rendered":"https:\/\/tcbwuelzen.wordpress.com\/?page_id=46"},"modified":"2024-07-01T21:59:28","modified_gmt":"2024-07-01T19:59:28","slug":"verein","status":"publish","type":"page","link":"https:\/\/www.bw-uelzen.de\/?page_id=46","title":{"rendered":"Der Verein"},"content":{"rendered":"<p><img fetchpriority=\"high\" decoding=\"async\" class=\"aligncenter\" src=\"http:\/\/www.bw-uelzen.de\/wp-content\/uploads\/2021\/05\/logobw.jpg\" sizes=\"(max-width: 549px) 100vw, 549px\" srcset=\"https:\/\/www.bw-uelzen.de\/wp-content\/uploads\/2021\/05\/logobw.jpg 549w, https:\/\/www.bw-uelzen.de\/wp-content\/uploads\/2021\/05\/logobw-300x114.jpg 300w\" alt=\"\" width=\"549\" height=\"208\" \/><\/p>\n<h3>Auf der <a href=\"https:\/\/www.bw-uelzen.de\">Startseite<\/a> sind die aktuellsten Beitr\u00e4ge zu finden.<\/h3>\n<p>Der TC Blau-Wei\u00df Uelzen begr\u00fc\u00dft Sie ganz herzlich auf seiner Internetpr\u00e4senz. Auf den nachfolgenden Seiten m\u00f6chten wir Sie gern mit uns vertraut machen und hoffen, dass Sie Interesse an uns, unseren sportlichen T\u00e4tigkeiten sowie dem vielf\u00e4ltigen Vereinsleben des TC Blau-Wei\u00df Uelzen haben.<\/p>\n<ul>\n<li>Verein: \u00a0TC Blau-Wei\u00df Uelzen e.V.<\/li>\n<li>Gr\u00fcndung: 1924<\/li>\n<li>Lage: Zum See 29, Uelzen OT Oldenstadt und direkt am Elbe-Seiten-Kanal<\/li>\n<li>Pl\u00e4tze:\n<ul>\n<li>8 Sandpl\u00e4tze, 2 Kleinfelder, Trainingswand<\/li>\n<li>Beachtennis-, Beachsoccer-, Beachvolleyballplatz\u00a0<\/li>\n<\/ul>\n<\/li>\n<li>Mitglieder: \u00a0200 (ca. 65 Jugendliche)<\/li>\n<li>Training: \u00a0staatlich gepr\u00fcfter Tennislehrer &amp; DTB B-Trainer Mike Dressel<\/li>\n<li>Aktivit\u00e4ten:\n<ul>\n<li>Punktspielbetrieb<\/li>\n<li>Pr\u00e4ventionskurs &#8222;Motion on Court&#8220;<\/li>\n<li>Neben Jugend- und Mannschaftstraining auch Ballschule ab 4Jahre und\u00a0 Mutter-Kind-Tennis ab 2,5 Jahre<\/li>\n<li>Fast-Learning Kurse \u00a0f\u00fcr Erwachsene<\/li>\n<li>\u201eBeach-Tennis Uelzen Open\u201c \u2013 \u00fcberregionales Beach-Tennis Turnier im Doppel und Mixed;<\/li>\n<li>Beach-Volleyball Turnier;<\/li>\n<li>Uelzen Open &#8211; Turnier f\u00fcr Breitensportler<\/li>\n<\/ul>\n<\/li>\n<\/ul>\n\n\n<figure class=\"wp-block-table is-style-regular\"><table><tbody><tr><td><strong>Verein:<\/strong><\/td><td>TC Blau-Wei\u00df Uelzen e.V.<\/td><\/tr><tr><td><strong>Gr\u00fcndung:<\/strong><\/td><td>1924<\/td><\/tr><tr><td><strong>Lage:<\/strong><\/td><td>Zum See 29, Uelzen Oldenstadt, direkt am Elbe-Seiten-Kanal<\/td><\/tr><tr><td><strong>Pl\u00e4tze:<\/strong><\/td><td>8 Sandpl\u00e4tze, Kleinfelder,  Trainingsw\u00e4nde, Beachtennis-, Beachvolleyballplatz<\/td><\/tr><tr><td><strong>Mitglieder:<\/strong><\/td><td>200 (ca. 60 Jugendliche)<\/td><\/tr><tr><td><strong>Training:<\/strong><\/td><td>staatlich gepr\u00fcfter Tennislehrer &amp; DTB B-Trainer Mike Dressel<\/td><\/tr><tr><td><strong>Aktivit\u00e4ten:<\/strong><\/td><td>&#8222;Uelzen Tennis Open&#8220; &#8211; seit 2016 als LK-Turnier im Sommer; \u201eUelzen Winter Open\u201c mit Damen- und Herren-Doppel; \u201eBeach-Tennis Uelzen Open\u201c &#8211; \u00fcberregionales Beach-Tennis Turnier im Doppel und Mixed; Beach-Volleyball Turnier; Turniere f\u00fcr Breitensportler; Vereinsmeisterschaft; Sommerfest u.v.m.<\/td><\/tr><tr><td><strong>Internet:<\/strong><\/td><td><a href=\"http:\/\/bw-uelzen.de\/\" target=\"_blank\" rel=\"noreferrer noopener\">www.bw-uelzen.de<\/a><\/td><\/tr><tr><td><strong>Bankverbindung:<\/strong><\/td><td>Sparkasse Uelzen BLZ 258 501 10<\/td><\/tr><tr><td><strong>IBAN:<\/strong><\/td><td>DE 1525 8501 1000 0000 5520<\/td><\/tr><tr><td><strong>BIC:<\/strong><\/td><td>NOLADE21UEL<\/td><\/tr><tr><td><strong>Philosophie:<\/strong><\/td><td>Der TC Blau-Wei\u00df Uelzen setzt auf eine ideale Mischung aus Wettkampftennis, Breitensport und starker Nachwuchsarbeit. Freundschaftliches Miteinander und Offenheit gegen\u00fcber G\u00e4sten pr\u00e4gen das gesellige Vereinsleben<\/td><\/tr><\/tbody><\/table><\/figure>\n\n\n\n<hr class=\"wp-block-separator has-css-opacity\"\/>\n\n\n<div class=\"wp-block-image\">\n<figure class=\"aligncenter size-large\"><img decoding=\"async\" width=\"397\" height=\"258\" src=\"https:\/\/www.bw-uelzen.de\/wp-content\/uploads\/2022\/01\/logospg.jpg\" alt=\"\" class=\"wp-image-479\" srcset=\"https:\/\/www.bw-uelzen.de\/wp-content\/uploads\/2022\/01\/logospg.jpg 397w, https:\/\/www.bw-uelzen.de\/wp-content\/uploads\/2022\/01\/logospg-300x195.jpg 300w\" sizes=\"(max-width: 397px) 100vw, 397px\" \/><figcaption class=\"wp-element-caption\">Neu: <br>Ab Mai bei uns auf der Anlage <br>mehr Infos <a href=\"https:\/\/www.bw-uelzen.de\/?page_id=464\" data-type=\"page\" data-id=\"464\">Motion on Court<\/a><\/figcaption><\/figure><\/div>\n\n\n<figure class=\"wp-block-video aligncenter\"><video controls src=\"https:\/\/www.bw-uelzen.de\/wp-content\/uploads\/2022\/01\/MOC-Imagefilm-klein-1.mp4\"><\/video><\/figure>\n\n\n\n<figure class=\"wp-block-embed is-type-video is-provider-youtube wp-block-embed-youtube wp-embed-aspect-16-9 wp-has-aspect-ratio\"><div class=\"wp-block-embed__wrapper\">\n<iframe title=\"Fast Learning Day - Lerne Tennis an einem Tag\" width=\"860\" height=\"484\" src=\"https:\/\/www.youtube.com\/embed\/9eIu8xLJMEw?feature=oembed\" frameborder=\"0\" allow=\"accelerometer; autoplay; clipboard-write; encrypted-media; gyroscope; picture-in-picture; web-share\" referrerpolicy=\"strict-origin-when-cross-origin\" allowfullscreen><\/iframe>\n<\/div><figcaption class=\"wp-element-caption\">Fast Learning von Tennis People auch bei uns!<\/figcaption><\/figure>\n\n\n\n<hr class=\"wp-block-separator has-css-opacity\"\/>\n","protected":false},"excerpt":{"rendered":"<p>Auf der Startseite sind die aktuellsten Beitr\u00e4ge zu finden. Der TC Blau-Wei\u00df Uelzen begr\u00fc\u00dft Sie ganz herzlich auf seiner Internetpr\u00e4senz. Auf den nachfolgenden Seiten m\u00f6chten wir Sie gern mit uns vertraut machen und hoffen, dass Sie Interesse an uns, unseren sportlichen T\u00e4tigkeiten sowie dem vielf\u00e4ltigen Vereinsleben des TC Blau-Wei\u00df Uelzen haben. Verein: \u00a0TC Blau-Wei\u00df Uelzen e.V. Gr\u00fcndung: 1924 Lage: Zum<\/p>\n","protected":false},"author":1,"featured_media":0,"parent":0,"menu_order":0,"comment_status":"closed","ping_status":"closed","template":"","meta":{"passster_activate_protection":null,"passster_protect_child_pages":"","passster_protection_type":"password","passster_password":"","passster_activate_overwrite_defaults":"","passster_headline":"","passster_instruction":"","passster_placeholder":"","passster_button":"","passster_id":"","passster_activate_misc_settings":"","passster_redirect_url":"","passster_hide":"no","passster_area_shortcode":"","_monsterinsights_skip_tracking":false,"_monsterinsights_sitenote_active":false,"_monsterinsights_sitenote_note":"","_monsterinsights_sitenote_category":0,"footnotes":""},"class_list":["post-46","page","type-page","status-publish","hentry"],"_links":{"self":[{"href":"https:\/\/www.bw-uelzen.de\/index.php?rest_route=\/wp\/v2\/pages\/46","targetHints":{"allow":["GET"]}}],"collection":[{"href":"https:\/\/www.bw-uelzen.de\/index.php?rest_route=\/wp\/v2\/pages"}],"about":[{"href":"https:\/\/www.bw-uelzen.de\/index.php?rest_route=\/wp\/v2\/types\/page"}],"author":[{"embeddable":true,"href":"https:\/\/www.bw-uelzen.de\/index.php?rest_route=\/wp\/v2\/users\/1"}],"replies":[{"embeddable":true,"href":"https:\/\/www.bw-uelzen.de\/index.php?rest_route=%2Fwp%2Fv2%2Fcomments&post=46"}],"version-history":[{"count":3,"href":"https:\/\/www.bw-uelzen.de\/index.php?rest_route=\/wp\/v2\/pages\/46\/revisions"}],"predecessor-version":[{"id":960,"href":"https:\/\/www.bw-uelzen.de\/index.php?rest_route=\/wp\/v2\/pages\/46\/revisions\/960"}],"wp:attachment":[{"href":"https:\/\/www.bw-uelzen.de\/index.php?rest_route=%2Fwp%2Fv2%2Fmedia&parent=46"}],"curies":[{"name":"wp","href":"https:\/\/api.w.org\/{rel}","templated":true}]}}