{"id":136,"date":"2021-05-16T15:34:26","date_gmt":"2021-05-16T13:34:26","guid":{"rendered":"https:\/\/tcbwuelzen.wordpress.com\/?page_id=136"},"modified":"2025-07-21T23:13:08","modified_gmt":"2025-07-21T21:13:08","slug":"uelzen-tennis-open","status":"publish","type":"page","link":"https:\/\/www.bw-uelzen.de\/?page_id=136","title":{"rendered":"Uelzen Tennis Open"},"content":{"rendered":"\n<div class=\"wp-block-group\"><div class=\"wp-block-group__inner-container is-layout-constrained wp-block-group-is-layout-constrained\">\n<h2 class=\"wp-block-heading\">UTO 2025<\/h2>\n\n\n\n<h3 class=\"wp-block-heading\">Am&nbsp;<strong>16. &amp; 17. August 2025<\/strong>&nbsp;finden die&nbsp;<strong>21. Uelzen Tennis Open<\/strong>&nbsp;statt \u2013 ein Doppel- &amp; Mixed-Turnier&nbsp;<\/h3>\n\n\n\n<p>\ud83d\udd39 Mindestens 2 Spiele garantiert<br>\ud83d\udd39 Verschiedene Altersklassen (nach Alters-Summe)<br>\ud83d\udd39 Startgeld: 15\u201320 \u20ac inkl. 5\u20ac Verzehrbon<br>\ud83d\udd39 Anmeldung bis&nbsp;<strong>13.08.2025 \u2013 19:00 Uhr<\/strong>&nbsp;an:<br>\ud83d\udce7&nbsp;<strong><a href=\"mailto:turnier@bw-uelzen.de\">turnier@bw-uelzen.de<\/a><\/strong><\/p>\n\n\n\n<p>\ud83d\udc49 Alle Infos zu Spielklassen, Modus &amp; Teilnahme findest du im offiziellen Flyer.<\/p>\n\n\n\n<p>Wir freuen uns auf viele Anmeldungen und ein sportlich-faires Turnierwochenende!<br><strong>TC Blau-Wei\u00df Uelzen<\/strong><\/p>\n\n\n\n<div data-wp-interactive=\"core\/file\" class=\"wp-block-file\"><object data-wp-bind--hidden=\"!state.hasPdfPreview\" hidden class=\"wp-block-file__embed\" data=\"https:\/\/www.bw-uelzen.de\/wp-content\/uploads\/2025\/07\/UTO2025richtig-2.pdf\" type=\"application\/pdf\" style=\"width:100%;height:600px\" aria-label=\"Einbettung von UTO2025richtig.\"><\/object><a id=\"wp-block-file--media-59096b08-8611-46dc-90a0-f7e6c8624758\" href=\"https:\/\/www.bw-uelzen.de\/wp-content\/uploads\/2025\/07\/UTO2025richtig-2.pdf\">UTO2025richtig<\/a><a href=\"https:\/\/www.bw-uelzen.de\/wp-content\/uploads\/2025\/07\/UTO2025richtig-2.pdf\" class=\"wp-block-file__button wp-element-button\" download aria-describedby=\"wp-block-file--media-59096b08-8611-46dc-90a0-f7e6c8624758\">Herunterladen<\/a><\/div>\n\n\n\n<h2 class=\"wp-block-heading\"><strong>UTO 2024<\/strong><\/h2>\n\n\n\n<h3 class=\"wp-block-heading\">Jetzt anmelden f\u00fcr die 20. Uelzen Tennis Open!<\/h3>\n\n\n\n<p>Die Anmeldungen f\u00fcr die 20. Uelzen Tennis Open sind er\u00f6ffnet! Das Turnier findet vom 03.08. bis 04.08.2024 auf unserer Anlage statt. Gespielt wird in den Kategorien Doppel und Mixed. Anmeldungen sind bis Montag, den 29.07.2024, um 19:00 Uhr m\u00f6glich.<\/p>\n\n\n\n<p>Bitte sendet eure Anmeldungen per E-Mail an&nbsp;<a>uto@bw-uelzen.de<\/a>&nbsp;und gebt dabei unbedingt an, mit wem ihr spielt und ob ihr im Doppel, Mixed oder in beiden Kategorien teilnehmen m\u00f6chtet.<\/p>\n\n\n\n<p>Wir freuen uns auf eure Teilnahme und auf spannende Matches!<\/p>\n\n\n\n<p>Weitere Infos findet ihr im Flyer.<\/p>\n<\/div><\/div>\n\n\n\n<figure class=\"wp-block-image size-large is-resized\"><img fetchpriority=\"high\" decoding=\"async\" width=\"724\" height=\"1024\" src=\"https:\/\/www.bw-uelzen.de\/wp-content\/uploads\/2024\/07\/UTO2024neu_Seite_1-724x1024.jpeg\" alt=\"\" class=\"wp-image-985\" style=\"width:850px;height:auto\" srcset=\"https:\/\/www.bw-uelzen.de\/wp-content\/uploads\/2024\/07\/UTO2024neu_Seite_1-724x1024.jpeg 724w, https:\/\/www.bw-uelzen.de\/wp-content\/uploads\/2024\/07\/UTO2024neu_Seite_1-212x300.jpeg 212w, https:\/\/www.bw-uelzen.de\/wp-content\/uploads\/2024\/07\/UTO2024neu_Seite_1-768x1086.jpeg 768w, https:\/\/www.bw-uelzen.de\/wp-content\/uploads\/2024\/07\/UTO2024neu_Seite_1-1086x1536.jpeg 1086w, https:\/\/www.bw-uelzen.de\/wp-content\/uploads\/2024\/07\/UTO2024neu_Seite_1-1448x2048.jpeg 1448w, https:\/\/www.bw-uelzen.de\/wp-content\/uploads\/2024\/07\/UTO2024neu_Seite_1.jpeg 1654w\" sizes=\"(max-width: 724px) 100vw, 724px\" \/><\/figure>\n\n\n\n<p><\/p>\n\n\n\n<h2 class=\"wp-block-heading\">UTO 2023<\/h2>\n\n\n\n<figure class=\"wp-block-image size-large\"><img decoding=\"async\" width=\"625\" height=\"896\" src=\"https:\/\/www.bw-uelzen.de\/wp-content\/uploads\/2023\/07\/UTO23.jpg\" alt=\"\" class=\"wp-image-721\" srcset=\"https:\/\/www.bw-uelzen.de\/wp-content\/uploads\/2023\/07\/UTO23.jpg 625w, https:\/\/www.bw-uelzen.de\/wp-content\/uploads\/2023\/07\/UTO23-209x300.jpg 209w\" sizes=\"(max-width: 625px) 100vw, 625px\" \/><\/figure>\n\n\n\n<p><\/p>\n\n\n\n<h2 class=\"wp-block-heading\">UTO 2022<\/h2>\n\n\n\n<figure class=\"wp-block-image size-large is-resized\"><img decoding=\"async\" width=\"549\" height=\"776\" src=\"https:\/\/www.bw-uelzen.de\/wp-content\/uploads\/2022\/07\/UTO22.jpg\" alt=\"\" class=\"wp-image-533\" srcset=\"https:\/\/www.bw-uelzen.de\/wp-content\/uploads\/2022\/07\/UTO22.jpg 549w, https:\/\/www.bw-uelzen.de\/wp-content\/uploads\/2022\/07\/UTO22-212x300.jpg 212w\" sizes=\"(max-width: 549px) 100vw, 549px\" \/><figcaption class=\"wp-element-caption\"><br><\/figcaption><\/figure>\n\n\n\n<p><strong>Beide Finals der Damen und Herren erst im Matchtiebreak entschieden<\/strong><\/p>\n\n\n\n<p>29 Doppel- und Mixed-Paarungen spielten am vergangenen Wochenende die 18. Uelzen Tennis-Open aus. Am Samstag wurden in Gruppen innerhalb der Alterklasse die Gruppensieger und Gruppenzweite ermittelt. Gespielt wurde ein Langsatz bis 9. Aufgrund der Tatsache, dass einige Akteure Doppel sowie Mixed gemeldet hatten, ergab siech bei 4-5 Spielen eine 5-St\u00fcndige Courtpr\u00e4senz.<br>Am Sonntag spielten die j\u00fcngere Gruppe gegen die \u00e4ltere \u00fcber kreuz die Halbfinals in 2 Gewinns\u00e4tze aus, nur bei den Herren 100+ (Alter beider Spieler addiert) blieb es in der Altersklasse.<\/p>\n\n\n\n<p>Endrunde Damen<br>1 Ruttkowski, Gudrun BW Uelzen\/Holzh\u00fctter, Brenda BW Uelzen<br>2 Dede, Claudia TC Bienenb\u00fcttel\/Elvers, Stefanie TC Bienenb\u00fcttel<br>3 Jaep, Steffi TC Wrestedt\/Laschewski, Anna SV Holdenstedt<br>3 Ludwig, Bruni TC Kirch-\/Westerweyhe\/M\u00fcller, Ilona TC Kirch-\/Westerweyhe<\/p>\n\n\n\n<p>Endrunde Herren -100<br>1 Schr\u00f6der, Jannes RW Bodenteich\/Schwerin, Lennart RW Bodenteich<br>2 Escherlor, Markus TC BW Uelzen\/Neumann, Peter SV Ahrensburg<br>3 Kr\u00f6ger, Jens RW Bodenteich\/Schulz, Jan-Hendrik RW Bodenteich<br>3 Lavrentev, Sebastian BW Uelzen\/Mathis, Mike BW Uelzen<\/p>\n\n\n\n<p>Endrunde Herren 100+<br>1 Warnke, Thorsten BW Uelzen\/Gr\u00fcnewald-Steiger, Jens Richard BW Uelzen<br>2 Himmel, Michael BW Uelzen\/Licht, J\u00fcrgen BW Uelzen<br>3 Dressel, Mike BW Uelzen\/Petri, Bernd BW Uelzen<br>3 Offermann, Dirk BW Uelzen\/Wohland, Thomas BW Uelzen<\/p>\n\n\n\n<p>Endrunde Mixed<br>1 Schmidt, Linda TuS Eschede\/Neumann, Peter SV Ahrensburg<br>2 Dede, Claudi TC Bienenb\u00fcttel\/Gr\u00fcnewald-Steiger, Jens Richard BW Uelzen<br>3 Ruttkowski, Gudrun BW Uelzen\/Wohland, Thomas BW Uelzen<br>3 Holzh\u00fctter, Brenda BW Uelzen\/Kluender, Matthias TC Amelinghausen<\/p>\n\n\n\n<h2 class=\"wp-block-heading\">UTO 2021<\/h2>\n\n\n\n<hr class=\"wp-block-separator has-css-opacity\"\/>\n\n\n\n<figure class=\"wp-block-image size-large is-resized\"><img loading=\"lazy\" decoding=\"async\" width=\"633\" height=\"891\" src=\"https:\/\/www.bw-uelzen.de\/wp-content\/uploads\/2021\/06\/UTO21.jpg\" alt=\"\" class=\"wp-image-361\" style=\"width:633px;height:891px\" srcset=\"https:\/\/www.bw-uelzen.de\/wp-content\/uploads\/2021\/06\/UTO21.jpg 633w, https:\/\/www.bw-uelzen.de\/wp-content\/uploads\/2021\/06\/UTO21-213x300.jpg 213w\" sizes=\"(max-width: 633px) 100vw, 633px\" \/><\/figure>\n\n\n\n<p>Es wird ein Langsatz bis 9 gespielt. Samstag Gruppenspiele \/ Sonntag Halbfinale und Finale<\/p>\n","protected":false},"excerpt":{"rendered":"<p>UTO 2025 Am&nbsp;16. &amp; 17. August 2025&nbsp;finden die&nbsp;21. Uelzen Tennis Open&nbsp;statt \u2013 ein Doppel- &amp; Mixed-Turnier&nbsp; \ud83d\udd39 Mindestens 2 Spiele garantiert\ud83d\udd39 Verschiedene Altersklassen (nach Alters-Summe)\ud83d\udd39 Startgeld: 15\u201320 \u20ac inkl. 5\u20ac Verzehrbon\ud83d\udd39 Anmeldung bis&nbsp;13.08.2025 \u2013 19:00 Uhr&nbsp;an:\ud83d\udce7&nbsp;turnier@bw-uelzen.de \ud83d\udc49 Alle Infos zu Spielklassen, Modus &amp; Teilnahme findest du im offiziellen Flyer. Wir freuen uns auf viele Anmeldungen und ein sportlich-faires Turnierwochenende!TC Blau-Wei\u00df<\/p>\n","protected":false},"author":1,"featured_media":0,"parent":0,"menu_order":0,"comment_status":"closed","ping_status":"closed","template":"","meta":{"passster_activate_protection":false,"passster_protect_child_pages":"","passster_protection_type":"password","passster_password":"","passster_activate_overwrite_defaults":"","passster_headline":"","passster_instruction":"","passster_placeholder":"","passster_button":"","passster_id":"","passster_activate_misc_settings":"","passster_redirect_url":"","passster_hide":"no","passster_area_shortcode":"","_monsterinsights_skip_tracking":false,"_monsterinsights_sitenote_active":false,"_monsterinsights_sitenote_note":"","_monsterinsights_sitenote_category":0,"footnotes":""},"class_list":["post-136","page","type-page","status-publish","hentry"],"_links":{"self":[{"href":"https:\/\/www.bw-uelzen.de\/index.php?rest_route=\/wp\/v2\/pages\/136","targetHints":{"allow":["GET"]}}],"collection":[{"href":"https:\/\/www.bw-uelzen.de\/index.php?rest_route=\/wp\/v2\/pages"}],"about":[{"href":"https:\/\/www.bw-uelzen.de\/index.php?rest_route=\/wp\/v2\/types\/page"}],"author":[{"embeddable":true,"href":"https:\/\/www.bw-uelzen.de\/index.php?rest_route=\/wp\/v2\/users\/1"}],"replies":[{"embeddable":true,"href":"https:\/\/www.bw-uelzen.de\/index.php?rest_route=%2Fwp%2Fv2%2Fcomments&post=136"}],"version-history":[{"count":23,"href":"https:\/\/www.bw-uelzen.de\/index.php?rest_route=\/wp\/v2\/pages\/136\/revisions"}],"predecessor-version":[{"id":1347,"href":"https:\/\/www.bw-uelzen.de\/index.php?rest_route=\/wp\/v2\/pages\/136\/revisions\/1347"}],"wp:attachment":[{"href":"https:\/\/www.bw-uelzen.de\/index.php?rest_route=%2Fwp%2Fv2%2Fmedia&parent=136"}],"curies":[{"name":"wp","href":"https:\/\/api.w.org\/{rel}","templated":true}]}}