{"id":1184,"date":"2024-08-05T22:49:56","date_gmt":"2024-08-05T20:49:56","guid":{"rendered":"https:\/\/www.bw-uelzen.de\/?page_id=1184"},"modified":"2024-08-06T15:06:40","modified_gmt":"2024-08-06T13:06:40","slug":"fraenki-cup-im-rahmen-des-100-jaehrigen-jubilaeums","status":"publish","type":"page","link":"https:\/\/www.bw-uelzen.de\/?page_id=1184","title":{"rendered":"1. Fr\u00e4nki-Cup\u00ae beim TC Blau-Wei\u00df"},"content":{"rendered":"\n<div class=\"wp-block-group\"><div class=\"wp-block-group__inner-container is-layout-constrained wp-block-group-is-layout-constrained\">\n<p><strong>Liebe Tennisfreunde<\/strong>,<\/p>\n\n\n\n<p>seid dabei, wenn wir <strong>am 07.09.2024<\/strong> zum <strong>ersten Mal den Fr\u00e4nki-Cup<\/strong>\u00ae austragen! Dieses neuartige Schleifchenturnier verspricht jede Menge Spa\u00df, Spannung und Abwechslung, denn hier spielt ihr mit wechselnden Partnern und Gegnern. Perfekt f\u00fcr alle, die Spa\u00df am Spiel und Lust auf neue Herausforderungen haben! <\/p>\n\n\n\n<p>Ein echtes Highlight im Rahmen unseres 100-j\u00e4hrigen Jubil\u00e4ums!<\/p>\n\n\n\n<p><strong><a href=\"https:\/\/www.bw-uelzen.de\/wp-content\/uploads\/2024\/08\/Franki-Cup-Einladung.png\" data-type=\"attachment\" data-id=\"1166\">Details zum Turnier<\/a>:<\/strong><\/p>\n\n\n\n<ul class=\"wp-block-list\">\n<li><strong>Ort:<\/strong> TC Blau-Wei\u00df Uelzen, Zum See 29, 29525 Uelzen<\/li>\n\n\n\n<li><strong>Zeit:<\/strong> ca. 11:00 bis 19:00 Uhr<\/li>\n\n\n\n<li><strong>Modus:<\/strong> Fr\u00e4nki-Cup\n<ul class=\"wp-block-list\">\n<li>Maximal 48 Teilnehmer &#8211;&gt; Anmeldung nach dem Prinzip \u201eWer zuerst kommt, mahlt zuerst\u201c<\/li>\n\n\n\n<li>Weitere Infos unter <a href=\"https:\/\/fr\u00e4nkicup.de\">www.fr\u00e4nkicup.de<\/a><\/li>\n<\/ul>\n<\/li>\n\n\n\n<li><strong>Nenngeld:<\/strong> 15 \u20ac (inkl. Verzehrmarken im Wert von 7,50 \u20ac)<\/li>\n\n\n\n<li><strong>Anmeldung:<\/strong> Bis 31.08.2024 per E-Mail an <strong>cup@bw-uelzen.de<\/strong><\/li>\n<\/ul>\n\n\n\n<p>Nutze die Gelegenheit, Teil dieses einmaligen Events zu sein und das moderne Spielsystem auszuprobieren. Sichere dir schnell einen der begehrten Pl\u00e4tze und erlebe einen Tag voller Spiel, Spa\u00df und Gemeinschaft!<\/p>\n\n\n\n<p>Auch Zuschauer, Tennisinteressierte und Neulinge sind nat\u00fcrlich herzlich willkommen! Kommt vorbei, feuert die Spieler an und erlebt gemeinsam mit uns einen unvergesslichen Tag.<\/p>\n\n\n\n<p>Wir hoffen auf ein voll ausgebuchtes Turnier und viele motivierte Teilnehmer!<\/p>\n\n\n\n<p>Sportliche Gr\u00fc\u00dfe,<br>TC Blau-Wei\u00df Uelzen<\/p>\n\n\n\n<hr class=\"wp-block-separator has-alpha-channel-opacity\"\/>\n\n\n\n<p>Schaut euch <a href=\"https:\/\/www.bw-uelzen.de\/wp-content\/uploads\/2024\/08\/Franki-Cup-Einladung.png\" data-type=\"attachment\" data-id=\"1166\">hier den Turnier-Flye<\/a>r an!<\/p>\n\n\n\n<p>Ein gro\u00dfes Dankesch\u00f6n an unsere Sponsoren f\u00fcr ihre wertvolle Unterst\u00fctzung!<\/p>\n\n\n\n<div class=\"wp-block-group is-content-justification-center is-nowrap is-layout-flex wp-container-core-group-is-layout-2 wp-block-group-is-layout-flex\">\n<div class=\"wp-block-group is-content-justification-center is-nowrap is-layout-flex wp-container-core-group-is-layout-1 wp-block-group-is-layout-flex\">\n<figure class=\"wp-block-image size-large is-resized is-style-default\"><img decoding=\"async\" src=\"https:\/\/www.bw-uelzen.de\/wp-content\/uploads\/2024\/07\/Mycitylogo2021-edited-1.jpg\" alt=\"\" class=\"wp-image-998\" style=\"width:389px;height:auto\"\/><\/figure>\n\n\n\n<figure class=\"wp-block-image size-large is-resized\"><img decoding=\"async\" src=\"https:\/\/www.bw-uelzen.de\/wp-content\/uploads\/2024\/07\/logo_LGRain-Bewaesserungstechnik-edited-1-1024x578.jpg\" alt=\"\" class=\"wp-image-996\" style=\"width:372px;height:auto\"\/><\/figure>\n<\/div>\n<\/div>\n\n\n\n<hr class=\"wp-block-separator has-alpha-channel-opacity\"\/>\n\n\n\n<div class=\"wp-block-group is-nowrap is-layout-flex wp-container-core-group-is-layout-4 wp-block-group-is-layout-flex\">\n<div class=\"wp-block-group is-nowrap is-layout-flex wp-container-core-group-is-layout-3 wp-block-group-is-layout-flex\">\n<div class=\"wp-block-columns is-layout-flex wp-container-core-columns-is-layout-1 wp-block-columns-is-layout-flex\">\n<div class=\"wp-block-column is-vertically-aligned-top is-layout-flow wp-block-column-is-layout-flow\"><div class=\"wp-block-image\">\n<figure class=\"aligncenter size-large is-resized\"><img fetchpriority=\"high\" decoding=\"async\" width=\"1024\" height=\"215\" src=\"https:\/\/www.bw-uelzen.de\/wp-content\/uploads\/2024\/07\/Sparkassen-Logo-4-1024x215.png\" alt=\"\" class=\"wp-image-1035\" style=\"width:400px;height:auto\" srcset=\"https:\/\/www.bw-uelzen.de\/wp-content\/uploads\/2024\/07\/Sparkassen-Logo-4-1024x215.png 1024w, https:\/\/www.bw-uelzen.de\/wp-content\/uploads\/2024\/07\/Sparkassen-Logo-4-300x63.png 300w, https:\/\/www.bw-uelzen.de\/wp-content\/uploads\/2024\/07\/Sparkassen-Logo-4-768x161.png 768w, https:\/\/www.bw-uelzen.de\/wp-content\/uploads\/2024\/07\/Sparkassen-Logo-4-1536x323.png 1536w, https:\/\/www.bw-uelzen.de\/wp-content\/uploads\/2024\/07\/Sparkassen-Logo-4-2048x431.png 2048w\" sizes=\"(max-width: 1024px) 100vw, 1024px\" \/><\/figure><\/div><\/div>\n\n\n\n<div class=\"wp-block-column is-layout-flow wp-block-column-is-layout-flow\"><div class=\"wp-block-image\">\n<figure class=\"alignright size-large is-resized\"><img decoding=\"async\" src=\"https:\/\/www.bw-uelzen.de\/wp-content\/uploads\/2024\/07\/logo_winkelmann_Pantone-pdf.io_-2-1024x200.png\" alt=\"\" class=\"wp-image-1036\" style=\"width:384px;height:auto\"\/><\/figure><\/div><\/div>\n<\/div>\n<\/div>\n<\/div>\n\n\n\n<hr class=\"wp-block-separator has-alpha-channel-opacity\"\/>\n\n\n\n<div class=\"wp-block-columns is-layout-flex wp-container-core-columns-is-layout-2 wp-block-columns-is-layout-flex\">\n<div class=\"wp-block-column is-vertically-aligned-center is-layout-flow wp-block-column-is-layout-flow\"><div class=\"wp-block-image\">\n<figure class=\"aligncenter size-full\"><img decoding=\"async\" width=\"296\" height=\"37\" src=\"https:\/\/www.bw-uelzen.de\/wp-content\/uploads\/2024\/07\/image001-2.png\" alt=\"\" class=\"wp-image-1006\"\/><\/figure><\/div><\/div>\n\n\n\n<div class=\"wp-block-column is-vertically-aligned-center is-layout-flow wp-block-column-is-layout-flow\">\n<figure class=\"wp-block-image size-full\"><img decoding=\"async\" src=\"https:\/\/www.bw-uelzen.de\/wp-content\/uploads\/2024\/07\/201125_Lappe_E3-2.jpg\" alt=\"\" class=\"wp-image-1007\"\/><\/figure>\n<\/div>\n\n\n\n<div class=\"wp-block-column is-vertically-aligned-center is-layout-flow wp-block-column-is-layout-flow\"><div class=\"wp-block-image\">\n<figure class=\"aligncenter size-large\"><img decoding=\"async\" width=\"1024\" height=\"180\" src=\"https:\/\/www.bw-uelzen.de\/wp-content\/uploads\/2024\/07\/VB-Logo-pdf.io_-1024x180.jpg\" alt=\"\" class=\"wp-image-1010\" srcset=\"https:\/\/www.bw-uelzen.de\/wp-content\/uploads\/2024\/07\/VB-Logo-pdf.io_-1024x180.jpg 1024w, https:\/\/www.bw-uelzen.de\/wp-content\/uploads\/2024\/07\/VB-Logo-pdf.io_-300x53.jpg 300w, https:\/\/www.bw-uelzen.de\/wp-content\/uploads\/2024\/07\/VB-Logo-pdf.io_-768x135.jpg 768w, https:\/\/www.bw-uelzen.de\/wp-content\/uploads\/2024\/07\/VB-Logo-pdf.io_.jpg 1192w\" sizes=\"(max-width: 1024px) 100vw, 1024px\" \/><\/figure><\/div><\/div>\n<\/div>\n<\/div><\/div>\n","protected":false},"excerpt":{"rendered":"<p>Liebe Tennisfreunde, seid dabei, wenn wir am 07.09.2024 zum ersten Mal den Fr\u00e4nki-Cup\u00ae austragen! Dieses neuartige Schleifchenturnier verspricht jede Menge Spa\u00df, Spannung und Abwechslung, denn hier spielt ihr mit wechselnden Partnern und Gegnern. Perfekt f\u00fcr alle, die Spa\u00df am Spiel und Lust auf neue Herausforderungen haben! Ein echtes Highlight im Rahmen unseres 100-j\u00e4hrigen Jubil\u00e4ums! Details zum Turnier: Nutze die Gelegenheit,<\/p>\n","protected":false},"author":5,"featured_media":0,"parent":935,"menu_order":0,"comment_status":"closed","ping_status":"closed","template":"","meta":{"passster_activate_protection":false,"passster_protect_child_pages":"","passster_protection_type":"password","passster_password":"","passster_activate_overwrite_defaults":"","passster_headline":"","passster_instruction":"","passster_placeholder":"","passster_button":"","passster_id":"","passster_activate_misc_settings":"","passster_redirect_url":"","passster_hide":"no","passster_area_shortcode":"","_monsterinsights_skip_tracking":false,"_monsterinsights_sitenote_active":false,"_monsterinsights_sitenote_note":"","_monsterinsights_sitenote_category":0,"footnotes":""},"class_list":["post-1184","page","type-page","status-publish","hentry"],"_links":{"self":[{"href":"https:\/\/www.bw-uelzen.de\/index.php?rest_route=\/wp\/v2\/pages\/1184","targetHints":{"allow":["GET"]}}],"collection":[{"href":"https:\/\/www.bw-uelzen.de\/index.php?rest_route=\/wp\/v2\/pages"}],"about":[{"href":"https:\/\/www.bw-uelzen.de\/index.php?rest_route=\/wp\/v2\/types\/page"}],"author":[{"embeddable":true,"href":"https:\/\/www.bw-uelzen.de\/index.php?rest_route=\/wp\/v2\/users\/5"}],"replies":[{"embeddable":true,"href":"https:\/\/www.bw-uelzen.de\/index.php?rest_route=%2Fwp%2Fv2%2Fcomments&post=1184"}],"version-history":[{"count":4,"href":"https:\/\/www.bw-uelzen.de\/index.php?rest_route=\/wp\/v2\/pages\/1184\/revisions"}],"predecessor-version":[{"id":1203,"href":"https:\/\/www.bw-uelzen.de\/index.php?rest_route=\/wp\/v2\/pages\/1184\/revisions\/1203"}],"up":[{"embeddable":true,"href":"https:\/\/www.bw-uelzen.de\/index.php?rest_route=\/wp\/v2\/pages\/935"}],"wp:attachment":[{"href":"https:\/\/www.bw-uelzen.de\/index.php?rest_route=%2Fwp%2Fv2%2Fmedia&parent=1184"}],"curies":[{"name":"wp","href":"https:\/\/api.w.org\/{rel}","templated":true}]}}