{"id":1057,"date":"2024-07-23T12:26:48","date_gmt":"2024-07-23T10:26:48","guid":{"rendered":"https:\/\/www.bw-uelzen.de\/?page_id=1057"},"modified":"2024-07-23T12:27:26","modified_gmt":"2024-07-23T10:27:26","slug":"jubilaeums-poloshirts","status":"publish","type":"page","link":"https:\/\/www.bw-uelzen.de\/?page_id=1057","title":{"rendered":"Jubil\u00e4ums-Poloshirts"},"content":{"rendered":"\n<div class=\"wp-block-group\"><div class=\"wp-block-group__inner-container is-layout-constrained wp-block-group-is-layout-constrained\">\n<div class=\"wp-block-group\"><div class=\"wp-block-group__inner-container is-layout-constrained wp-block-group-is-layout-constrained\">\n<div class=\"wp-block-group\"><div class=\"wp-block-group__inner-container is-layout-constrained wp-block-group-is-layout-constrained\">\n<div class=\"wp-block-group\"><div class=\"wp-block-group__inner-container is-layout-constrained wp-block-group-is-layout-constrained\">\n<h3 class=\"wp-block-heading\">Jubil\u00e4ums-Poloshirts: Ein besonderes Andenken an 100 Jahre TC Blau-Wei\u00df<\/h3>\n\n\n\n<p>Anl\u00e4sslich unseres 100-j\u00e4hrigen Jubil\u00e4ums haben wir spezielle Poloshirts mit einem selbstdesignten Jubil\u00e4umslogo anfertigen lassen. Diese exklusiven Shirts sind nicht nur ein stilvolles Andenken, sondern auch ein Zeichen der Gemeinschaft und Verbundenheit unseres Vereins.<\/p>\n\n\n\n<p>Ein herzlicher Dank geht an unsere gro\u00dfz\u00fcgigen Sponsoren, <strong>LGRain<\/strong> und <strong>Mycity<\/strong>, ohne deren Unterst\u00fctzung die Realisierung dieser Poloshirts nicht m\u00f6glich gewesen w\u00e4re. Dank ihrer Hilfe konnten wir die Shirts zu einem erschwinglichen Preis anbieten.<\/p>\n\n\n\n<p>Die Resonanz war \u00fcberw\u00e4ltigend: Ein Gro\u00dfteil der vorbestellten Shirts wurde bereits abgeholt. F\u00fcr alle, die noch kein Shirt ergattern konnten, besteht derzeit noch die M\u00f6glichkeit, ein Poloshirt zum Preis von <strong>25 Euro<\/strong> zu erwerben.<\/p>\n\n\n\n<h3 class=\"wp-block-heading\">Interesse?<\/h3>\n\n\n\n<p>Wenn Sie Interesse an einem unserer Jubil\u00e4ums-Poloshirts haben, senden Sie uns gerne eine E-Mail an <strong>info@bw-uelzen.de<\/strong>.<\/p>\n\n\n\n<p>Feiern Sie mit uns 100 Jahre TC Blau-Wei\u00df Uelzen und tragen Sie ein St\u00fcck Vereinsgeschichte!<\/p>\n<\/div><\/div>\n<\/div><\/div>\n<\/div><\/div>\n\n\n\n<div class=\"wp-block-group is-nowrap is-layout-flex wp-container-core-group-is-layout-6 wp-block-group-is-layout-flex\">\n<div class=\"wp-block-group is-nowrap is-layout-flex wp-container-core-group-is-layout-5 wp-block-group-is-layout-flex\">\n<div class=\"wp-block-group is-nowrap is-layout-flex wp-container-core-group-is-layout-4 wp-block-group-is-layout-flex\">\n<figure class=\"wp-block-image size-large is-resized is-style-default\"><img decoding=\"async\" src=\"https:\/\/www.bw-uelzen.de\/wp-content\/uploads\/2024\/07\/IMG_4035-2-edited.jpeg\" alt=\"\" class=\"wp-image-1095\" style=\"width:364px;height:auto\"\/><\/figure>\n\n\n\n<figure class=\"wp-block-image size-large is-resized\"><img decoding=\"async\" src=\"https:\/\/www.bw-uelzen.de\/wp-content\/uploads\/2024\/07\/69c7864c-5b93-4717-a312-beabe3bebd8d-edited-2.jpeg\" alt=\"\" class=\"wp-image-1096\" style=\"width:378px;height:auto\"\/><\/figure>\n<\/div>\n<\/div>\n<\/div>\n<\/div><\/div>\n\n\n\n<div class=\"wp-block-group is-nowrap is-layout-flex wp-container-core-group-is-layout-8 wp-block-group-is-layout-flex\">\n<figure class=\"wp-block-image size-large is-resized is-style-default\"><img decoding=\"async\" src=\"https:\/\/www.bw-uelzen.de\/wp-content\/uploads\/2024\/07\/98fcb556-af61-45d0-b0d3-b506f49ae9df-1-edited-2.jpeg\" alt=\"\" class=\"wp-image-1097\" style=\"width:363px;height:auto\"\/><\/figure>\n\n\n\n<figure class=\"wp-block-image size-large is-resized\"><img decoding=\"async\" src=\"https:\/\/www.bw-uelzen.de\/wp-content\/uploads\/2024\/07\/e07fff99-3676-4bf5-8506-0f402f2e0dce-edited-2.jpeg\" alt=\"\" class=\"wp-image-1098\" style=\"width:362px;height:auto\"\/><\/figure>\n<\/div>\n","protected":false},"excerpt":{"rendered":"<p>Jubil\u00e4ums-Poloshirts: Ein besonderes Andenken an 100 Jahre TC Blau-Wei\u00df Anl\u00e4sslich unseres 100-j\u00e4hrigen Jubil\u00e4ums haben wir spezielle Poloshirts mit einem selbstdesignten Jubil\u00e4umslogo anfertigen lassen. Diese exklusiven Shirts sind nicht nur ein stilvolles Andenken, sondern auch ein Zeichen der Gemeinschaft und Verbundenheit unseres Vereins. Ein herzlicher Dank geht an unsere gro\u00dfz\u00fcgigen Sponsoren, LGRain und Mycity, ohne deren Unterst\u00fctzung die Realisierung dieser Poloshirts<\/p>\n","protected":false},"author":5,"featured_media":0,"parent":0,"menu_order":0,"comment_status":"closed","ping_status":"closed","template":"","meta":{"passster_activate_protection":false,"passster_protect_child_pages":"","passster_protection_type":"password","passster_password":"","passster_activate_overwrite_defaults":"","passster_headline":"","passster_instruction":"","passster_placeholder":"","passster_button":"","passster_id":"","passster_activate_misc_settings":"","passster_redirect_url":"","passster_hide":"no","passster_area_shortcode":"","_monsterinsights_skip_tracking":false,"_monsterinsights_sitenote_active":false,"_monsterinsights_sitenote_note":"","_monsterinsights_sitenote_category":0,"footnotes":""},"class_list":["post-1057","page","type-page","status-publish","hentry"],"_links":{"self":[{"href":"https:\/\/www.bw-uelzen.de\/index.php?rest_route=\/wp\/v2\/pages\/1057","targetHints":{"allow":["GET"]}}],"collection":[{"href":"https:\/\/www.bw-uelzen.de\/index.php?rest_route=\/wp\/v2\/pages"}],"about":[{"href":"https:\/\/www.bw-uelzen.de\/index.php?rest_route=\/wp\/v2\/types\/page"}],"author":[{"embeddable":true,"href":"https:\/\/www.bw-uelzen.de\/index.php?rest_route=\/wp\/v2\/users\/5"}],"replies":[{"embeddable":true,"href":"https:\/\/www.bw-uelzen.de\/index.php?rest_route=%2Fwp%2Fv2%2Fcomments&post=1057"}],"version-history":[{"count":2,"href":"https:\/\/www.bw-uelzen.de\/index.php?rest_route=\/wp\/v2\/pages\/1057\/revisions"}],"predecessor-version":[{"id":1100,"href":"https:\/\/www.bw-uelzen.de\/index.php?rest_route=\/wp\/v2\/pages\/1057\/revisions\/1100"}],"wp:attachment":[{"href":"https:\/\/www.bw-uelzen.de\/index.php?rest_route=%2Fwp%2Fv2%2Fmedia&parent=1057"}],"curies":[{"name":"wp","href":"https:\/\/api.w.org\/{rel}","templated":true}]}}